?
17024776
Convert 511131 (base 6) to base 14.
10a51
Convert 1234122213 (base 6) to base 14.
1ccac25
279453 (base 12) to base 11
410138
1100010000001101111010 (base 2) to base 9
6035220
Convert -56616 (base 15) to base 6.
-5515550
What is -26228216 (base 9) in base 11?
-73058a0
What is 2200112020 (base 3) in base 8?
147210
Convert 1388491 (base 12) to base 7.
45154543
Convert 3333121232 (base 4) to base 3.
1222011000102
-324140413 (base 5) to base 4
-11110322012
Convert -1312332032 (base 4) to base 6.
-14240022
What is 4cde31 (base 15) in base 4?
32011120213
What is 166d9 (base 16) in base 4?
112123121
Convert 1e24b3 (base 15) to base 16.
168567
What is -107106 (base 11) in base 9?
-278778
Convert 10000010100110011111 (base 2) to base 12.
2196a7
Convert -454edd (base 15) to base 9.
-6201011
-21314121 (base 7) to base 4
-12330011301
Convert 25a3aa (base 16) to base 15.
33ad3a
-6013423 (base 9) to base 4
-30030230223
Convert -6311211 (base 7) to base 2.
-10111001010101111101
What is 111134244 (base 5) in base 14?
ca7a5
What is -67156 (base 12) in base 15?
-2a79c
What is -1784353 (base 12) in base 9?
-10200040
Convert -112112200221 (base 3) to base 2.
-1000101111001000111
What is -200012202120 (base 3) in base 4?
-1113201132
-5540525 (base 6) to base 16
-43c25
3200113231 (base 4) to base 13
2623cc
2e803 (base 15) to base 8
445437
Convert 1021320031 (base 4) to base 6.
10252541
-122221220211 (base 3) to base 16
-564e2
What is 4353121 (base 8) in base 2?
100011101011001010001
What is -114303322 (base 5) in base 6?
-15333011
-21057343 (base 8) to base 15
-5d795e
-2010002221 (base 3) to base 8
-121240
Convert -154a6ca (base 13) to base 12.
-234b190
-6271363 (base 8) to base 13
-4651a5
-571211a (base 11) to base 7
-151010056
123327 (base 9) to base 11
51082
What is 15765a7 (base 11) in base 4?
22100100023
What is 111021220000 (base 3) in base 13?
92115
Convert 41744323 (base 8) to base 6.
514422003
Convert -11101101100001011000 (base 2) to base 14.
-1b47a0
What is -29473 (base 16) in base 5?
-20402300
-220100021002 (base 3) to base 4
-1310332220
-55263240 (base 7) to base 16
-488ebf
11111000110100100000100 (base 2) to base 13
18c6188
Convert -1031050 (base 6) to base 9.
-76603
Convert 680828 (base 9) to base 5.
101014311
What is -11022212011 (base 3) in base 13?
-2ca10
Convert -45dcfe (base 16) to base 6.
-242045010
What is 58674 (base 9) in base 2?
1001100100010110
What is -998381 (base 13) in base 7?
-42512552
What is 332040 (base 11) in base 4?
2001111312
Convert -10101000011100100001 (base 2) to base 14.
-13d625
Convert -463363 (base 8) to base 2.
-100110011011110011
1140224314 (base 5) to base 6
133034514
What is 96e7 (base 16) in base 3?
1221222210
Convert 585947 (base 13) to base 16.
20016e
2a1861b (base 13) to base 3
221020111011120
-1551522 (base 6) to base 8
-264412
20626c (base 16) to base 2
1000000110001001101100
What is 171a29 (base 11) in base 2?
1000000111101111110
1017e1 (base 16) to base 15
15c779
What is -193c1cb (base 13) in base 5?
-4104441304
Convert 295509 (base 10) to base 13.
a4676
-a6220 (base 11) to base 4
-211300210
What is -735903 (base 10) in base 15?
-e80a3
92326 (base 11) to base 8
407246
271270 (base 8) to base 14
2682c
-77989 (base 13) to base 7
-1562323
Convert -3eb77 (base 15) to base 11.
-128605
What is -571583 (base 11) in base 13?
-25b133
What is 21135275 (base 9) in base 6?
1002105322
-1363369 (base 10) to base 6
-45115521
What is 1014301120 (base 5) in base 15?
2b82e0
What is 213642 (base 10) in base 3?
101212001200
Convert 443013441 (base 5) to base 13.
52438a
What is 573775 (base 8) in base 3?
100212212211
Convert -913e0 (base 15) to base 12.
-1a2179
-116111252 (base 7) to base 3
-111202120211002
-2ab64 (base 15) to base 13
-4a803
-2c291 (base 13) to base 9
-137128
-6226487 (base 9) to base 4
-30223223203
What is 4a607 (base 15) in base 6?
5032011
6101364 (base 9) to base 16
319255
-1011000011011010010011 (base 2) to base 15
-3c3805
What is -117839 (base 11) in base 2?
-101101011010100011
Convert 10002040413 (base 5) to base 4.
211120130323
What is 3113a36 (base 12) in base 8?
43163412
What is -748680 (base 12) in base 2?
-111000001000111000000
What is -2003051 (base 9) in base 15?
-1608ca
Convert -21635150 (base 7) to base 6.
-104102335
16256 (base 15) to base 11
49715
What is -65569 (base 12) in base 5?
-13240412
Convert -112340402 (base 5) to base 11.
-31a724
What is -1417aa (base 11) in base 8?
-661331
Convert -3054324 (base 6) to base 15.
-2da41
Convert -270cb (base 16) to base 15.
-325d2
-2283402 (base 11) to base 16
-3cd58f
-a255a (base 13) to base 3
-112210001222
What is 210222131 (base 4) in base 15?
2e768
Convert 1738133 (base 10) to base 12.
6b9a45
What is -7223208 (base 9) in base 4?
-32230311200
Convert 2110212122012 (base 3) to base 5.
314110214
What is 574508 (base 9) in base 2?
1010100000110110101
-300041 (base 7) to base 5
-3103300
131133031312 (base 4) to base 10
7730038
24512215 (base 6) to base 4
3000023303
What is -2523b5 (base 13) in base 9?
-1606407
122242010 (base 5) to base 16
8f57a
12121112121101 (base 3) to base 4
23120031331
313130210 (base 4) to base 13
7c4ab
What is -c4ca9 (base 13) in base 7?
-3002105
156632236 (base 7) to base 15
e14861
What is -2200011210112 (base 3) in base 14?
-28da49
Convert -36671 (base 16) to base 12.
-a8b55
Convert -6786704 (base 11) to base 8.
-55250300
Convert -275563 (base 9) to base 5.
-20340012
What is -30110150 (base 6) in base 12?
-34b356
d3c39 (base 14) to base 16
7c85b
Convert -ab091 (base 14) to base 7.
-3344241
Convert -b4ccb (base 13) to base 7.
-2522654
-115123301 (base 6) to base 7
-24506350
What is -36534 (base 13) in base 4?
-120112221
Convert -3210313 (base 5) to base 13.
-1b670
-3000230130 (base 5) to base 6
-325432312
Convert -c0901 (base 14) to base 11.
-296749
-4c577 (base 13) to base 5
-14012201
What is 222918 (base 10) in base 12?
a9006
What is 11647707 (base 8) in base 10?
2576327
Convert -1101100101000000000111 (base 2) to base 8.
-15450007
Convert 1012001200022 (base 3) to base 15.
c6ebe
What is -10011001110100100000000 (base 2) in base 14?
-952c36
1123003201 (base 4) to base 14
99cc1
Convert -381318 (base 10) to base 9.
-641056
What is -705832 (base 12) in base 4?
-12223221212
-1149195 (base 10) to base 8
-4304413
What is 3079389 (base 11) in base 16?
52d969
Convert 20106324 (base 7) to base 15.
22d9e6
Convert -13928 (base 10) to base 9.
-21085
What is 322b03 (base 13) in base 6?
41122133
What is 43521616 (base 7) in base 12?
130247a
-214064543 (base 7) to base 8
-60765563
100111100101110100110 (base 2) to base 9
2386524
a23d17 (base 15) to base 12
26b8834
-1010011110100001100 (base 2) to base 10
-343308
Convert -7a213 (base 14) to base 12.
-1238a1
What is 23e3a (base 15) in base 5?
12131310
What is -23311045 (base 6) in base 7?
-6105566
Convert -4375a (base 12) to base 14.
-2471c
What is 1490294 (base 12) in base 4?
33321222100
What is 113023123 (base 4) in base 13?
342a0
Convert 15c73 (base 14) to base 10.
54589
What is -1402022340 (base 6) in base 11?
-9598755
Convert -14244212 (base 5) to base 10.
-149932
4398817 (base 11) to base 9
15454867
Convert -18011 (base 16) to base 10.
-98321
What is 5525024 (base 6) in base 16?
43588
What is -4476632 (base 8) in base 10?
-1211802
-1769517 (base 10) to base 6
-101532113
-1476165 (base 10) to base 5
-334214130
Convert -10003120 (base 6) to base 7.
-2246112
What is -4214052 (base 7) in base 13?
-14a306
What is -3368231 (base 10) in base 5?
-1330240411
85261 (base 14) to base 3
121100001100
What is -22221221211 (base 3) in base 9?
-287854
Convert 251314304 (base 6) to base 15.
6566cd
Convert -30639 (base 12) to base 9.
-105520
What is 157248 (base 13) in base 2?
10000001010111010011
-22133203 (base 4) to base 6
-530551
What is -10142215 (base 7) in base 2?
-11001111101100111110
-33573785 (base 9) to base 11
-9214926
Convert 123003121212 (base 4) to base 16.
6c3666
Convert -7b766 (base 16) to base 5.
-112140302
Convert 532a034 (base 11) to base 9.
18581767
29a9c6 (base 13) to base 6
33533240
Convert -1204320043 (base 5) to base 7.
-32602125
-11512ba (base 14) to base 8
-37412124
-32de78 (base 16) to base 11
-1977774
-34552566 (base 8) to base 12
-262b21a
Convert 426670 (base 8) to 